)). Calculate the highest common factor of k and 9.
9
Let x(t) = t**2 + 4*t - 92. Let v be x(12). What is the highest common factor of v and 25?
25
Let u(r) be the first derivative of -4*r**2 - 3*r - 22. Let s be u(-1). What is the highest common divisor of s and 1?
1
Let p = -1103 + 1119. Calculate the highest common divisor of p and 648.
8
Suppose 0 = 7*l - 12*l + 25, -95 = -5*h - 2*l. Calculate the highest common divisor of h and 272.
17
Suppose 87 = 5*t + 27. Suppose 3 = -3*b + t. Calculate the highest common factor of b and 18.
3
Suppose 0 = 4*x - 12*b + 13*b - 1723, 0 = 2*x - 3*b - 851. What is the highest common divisor of x and 43?
43
Suppose 62 = 5*x + 2. Suppose a - 2*c - 40 = 4, -102 = -2*a - 3*c. Calculate the greatest common divisor of x and a.
12
Let n = 6 - 4. Suppose -5*c + 160 = 3*a, a + 4*c = 4*a - 196. Suppose -o + a = n*o. Calculate the greatest common divisor of o and 80.
20
Let n(k) = -33*k - 170. Let i be n(-26). What is the greatest common factor of 43 and i?
43
Let r = -35 + 48. Let n be (6/(-7))/(4/28). Let s be (-3)/2*364/n. Calculate the greatest common divisor of s and r.
13
Let d(x) = 11*x**3 - 6*x**2 - 3*x + 2. Let m(c) = c**2 + c. Let f(w) = -d(w) - 4*m(w). Let a be f(-1). Calculate the greatest common factor of 60 and a.
12
Let u(n) be the second derivative of 9*n**2 + 0 + 1/12*n**4 - 8*n + 2*n**3. Let j be u(-12). Calculate the highest common divisor of 162 and j.
18
Let y = 13 + -8. Let f be 4/y - 5/(-25). Let j be -5 + f - (-60 - 0). Calculate the greatest common factor of 14 and j.
14
Suppose -4*z = -7*z + 15. Suppose -k = -z*k + 700. Let j be 9/90*5*50. What is the greatest common factor of k and j?
25
Let y = 23 - 19. Suppose y*p + 19 = 5*p. Let v = p + 1. What is the highest common divisor of v and 5?
5
Let r(s) = 12*s - 13*s - 2*s**2 + 3*s**2 - 1. Let g be r(2). Suppose -l = -7 - g. What is the greatest common factor of 32 and l?
8
Suppose -5*g + 3*y + 29 = 0, 0*g - 41 = -5*g - 3*y. Let a = -24 - -22. Let u be 1 + -1 + a/(-8)*4. Calculate the highest common divisor of u and g.
1
Let u = 52 - 18. Let k be (6 - 100/16) + 3/24*274. What is the greatest common factor of u and k?
34
Suppose -125 = -i + 5*f, 4*f - 2*f = -4. Calculate the highest common factor of 46 and i.
23
Let d be 2/11 - -26*(-5)/110. Let r be (d/((-4)/40))/2. Calculate the greatest common divisor of r and 40.
5
Let y = 40 - -4. Suppose -3 = 4*l + 13. Let g = y - l. Calculate the highest common divisor of g and 16.
16
Let x(l) = 13*l**3 + 2*l**2 - 1. Let m be x(-1). Let b be (4 - 4)/(-5) - m. Calculate the highest common factor of b and 18.
6
Let u = 65 + -94. Let a = 21 + u. Let b be (-15)/(4 - (-44)/a). What is the highest common divisor of b and 4?
2
Suppose -3*h + 4*h - 4*y = 28, -3*h + 3*y + 48 = 0. Suppose -4*o = -h*o + 88. Let d be (-1786)/(-18) - 2/9. What is the greatest common factor of o and d?
11
Let o = 23 + -12. Let p = o - 8. Suppose p*q + 5*u - 9 = 0, 2*q - 33 = -q + 3*u. What is the greatest common factor of q and 88?
8
Let h = 846 - 370. What is the highest common divisor of 595 and h?
119
Suppose 180 = -20*f + 820. What is the greatest common factor of f and 320?
32
Let g(m) = 12*m + 22. Let s be g(5). Suppose 8*z - 6*z = s. What is the highest common factor of 164 and z?
41
Suppose -5*k + 54 = 3*h, 0 = 4*h + k - 19 - 36. Let t(s) = s**2 + 5*s + 6. Let l be t(-4). Suppose -h = l*p - 39. What is the highest common factor of 13 and p?
13
Let j(v) = 7*v + 2. Let q be j(-2). Let h be q/4*(-137 - 2). Let c = h - 291. Calculate the highest common factor of 14 and c.
14
Let q(p) = p**3 + 6*p**2 + p + 1. Suppose 4 + 1 = -b. Let d be q(b). Suppose 7*j - j = 756. Calculate the highest common divisor of d and j.
21
Suppose -2*i = -i + 4. Let z be ((-4)/(-6))/(i/(-18)). Suppose 19 - z = l. Calculate the greatest common factor of l and 40.
8
Let c be 6/2 + 7*(-6402)/(-77). Calculate the greatest common factor of 65 and c.
65
Let v be (177 + (-1 - 0))*2/(-4). Let r = 104 + v. What is the greatest common factor of 16 and r?
16
Let m be (497/14)/((-3)/(-18)*3). Let w = -43 + m. What is the greatest common divisor of 224 and w?
28
Let f(h) = h**3 + 24*h**2 - 3*h - 58. Let s be f(-24). Calculate the highest common factor of 28 and s.
14
Suppose -5*w + c = -2*w + 221, 3*w + 225 = -3*c. Let z = -29 - w. What is the greatest common factor of 15 and z?
15
Suppose -6*z - 19 = -1. Let f(r) = 2*r**2 + 4*r + 5. Let h be f(z). What is the greatest common factor of h and 33?
11
Let c = 60 + 108. What is the greatest common divisor of 72 and c?
24
Let z be 11/3*(-72)/8. Let k = -25 - z. What is the highest common divisor of 20 and k?
4
Let f(t) = t**2 - 3*t - 2. Let x be f(2). Let r(w) = 3*w**2 + 2*w + 6. Let u be r(x). Let n = u - 32. Calculate the highest common divisor of 28 and n.
14
Suppose 2 = d + 6, -4*n = -3*d - 44. Suppose 0 = -5*z + n*z - 162. Calculate the greatest common factor of 6 and z.
6
Let l(n) = n**2 + 19*n + 6. Let r be l(-19). Calculate the highest common factor of r and 54.
6
Suppose 92*t - 1043 + 215 = 0. Calculate the highest common factor of t and 585.
9
Suppose -48 = 2*c - 4*s, 2*c + 10 + 28 = -s. Let j be (-9)/4*c/3. Let b = j + -13. Calculate the highest common factor of b and 22.
2
Suppose 84 = 3*u - 36. What is the greatest common divisor of u and 60?
20
Let m(f) = f**2 - 6*f + 12. Let z be m(9). Suppose -780 = -223*p + 218*p. What is the greatest common divisor of p and z?
39
Let t(r) = -r**3 - 8*r**2 - 10*r - 6. Let g be t(-4). Let u be (-88)/(-6)*g/(-4). Calculate the highest common divisor of 11 and u.
11
Let l(q) = -q**3 - 13*q**2 + 14*q - 2. Let t be l(-14). Let k be 69 + (-3 - t)*4/(-4). Calculate the greatest common divisor of 35 and k.
35
Let c be 4/(-10) - 144/15. Let z = 23 + c. What is the greatest common divisor of 26 and z?
13
Let q be (-1 - -8)*3/3. Suppose -3*a + 228 = 4*l, -4*a + 4*l + 339 = q. What is the highest common factor of a and 16?
16
Suppose 6*u + 34 + 224 = 0. Let i = -23 - u. Calculate the greatest common divisor of i and 10.
10
Suppose 2*a + 3*u = 45, 0*a = 3*a - 4*u - 76. Calculate the greatest common divisor of a and 40.
8
Let s = 30 - 18. Let u be ((-1)/2)/(1/(-40)). Let y = u - 8. What is the highest common factor of s and y?
12
Let z(p) = -5. Let y(l) = l. Let u(q) = -4*y(q) + 3*z(q). Let r be 56/(-10) + (-6)/15. Let c be u(r). Calculate the highest common factor of 9 and c.
9
Let g = -3 - -31. Let x(y) = y + 18. Let u be x(-15). Suppose -4*l - c + 54 = c, u = -3*c. What is the highest common divisor of g and l?
14
Let m(k) = -3*k**3 + 35*k**2 - 15*k + 67. Let d be m(11). Suppose -80 = -5*x - 4*w, -x = -2*x + w + 16. Calculate the greatest common divisor of d and x.
16
Let k = -38 - -69. Suppose -l = g - 479, -5*l - 3*g + 0*g + 2389 = 0. Let i = l - 228. Calculate the greatest common divisor of k and i.
31
Suppose 2*p = -4*p + 126. Let d be (14/p)/((-2)/(-108)). Calculate the greatest common factor of 9 and d.
9
Let o = -7339 + 7346. Let h = 151 - 88. What is the highest common divisor of h and o?
7
Let b be -11 + (12 + -12 - -283). What is the greatest common divisor of 51 and b?
17
Let v(y) = -6*y - 77. Let c be v(-16). What is the greatest common factor of c and 152?
19
Let j be 48/1 - 0/(-3). Suppose 11*o - j = 9*o. Let u(g) = -g**2 + 8*g + 5. Let a be u(7). Calculate the greatest common divisor of a and o.
12
Let t = 43 - -5. Suppose h - 8 = -6. Suppose x - 3*r = 23, -h*r - 133 + 11 = -4*x. Calculate the highest common factor of x and t.
16
Suppose -z + 12 = -2*f, 0 = z - 3*f + 2*f - 9. Suppose -12 = -z*v + 6. Calculate the highest common factor of 18 and v.
3
Let x be (11 - 2) + -12 - (-16 + -1). Let i be (1 - (-73)/(-3))*-3. Calculate the greatest common divisor of i and x.
14
Let g(o) = -o**3 + 20*o**2 + 34*o - 38. Let l be g(21). Calculate the greatest common divisor of l and 376.
47
Let u be ((-30)/35)/(1/(-28)). Let i be u/30*(-30)/4. Let v be (128/i)/((-3)/9). Calculate the highest common factor of v and 8.
8
Let h = 29 + -16. Let q(m) be the first derivative of 59*m**4/2 - 2*m**3/3 + m - 21. Let p be q(1). What is the greatest common divisor of p and h?
13
Let d(q) = 185*q**2 - 16*q - 17. Let v be d(-1). Calculate the greatest common factor of 46 and v.
46
Suppose j -